{"id":838,"date":"2018-11-10T08:24:06","date_gmt":"2018-11-10T08:24:06","guid":{"rendered":"https:\/\/presencedigitalepourtous.com\/mayvannboutique\/?post_type=product&#038;p=838"},"modified":"2019-03-19T14:14:49","modified_gmt":"2019-03-19T14:14:49","slug":"tunique-noir-or","status":"publish","type":"product","link":"https:\/\/presencedigitalepourtous.com\/mayvannboutique\/product\/tunique-noir-or\/","title":{"rendered":"Tunique noir or"},"content":{"rendered":"<p>Tunique d&rsquo;excellente qualit\u00e9 avec une robe en dessous. Elle a une \u00e9charpe cousue \u00e0 m\u00eame la robe que vous pouvez rabattre sur la t\u00eate ou juste laisser au dos. Pas de risque de perdre l&rsquo;\u00e9charpe ainsi Habill\u00e9 chic et \u00e0 l&rsquo;aise vous serez juste divine.<\/p>\n","protected":false},"excerpt":{"rendered":"<p>Tunique d&rsquo;excellente qualit\u00e9 avec une robe en dessous. Elle a une \u00e9charpe cousue \u00e0 m\u00eame la robe que vous pouvez rabattre sur la t\u00eate ou juste laisser au dos. Pas de risque de perdre l&rsquo;\u00e9charpe ainsi Habill\u00e9 chic et \u00e0 l&rsquo;aise vous serez juste divine.<\/p>\n","protected":false},"featured_media":835,"comment_status":"open","ping_status":"closed","template":"","meta":[],"yoast_head":"<!-- This site is optimized with the Yoast SEO plugin v15.6.2 - https:\/\/yoast.com\/wordpress\/plugins\/seo\/ -->\n<title>Tunique noir or - MAYVANN Boutique<\/title>\n<meta name=\"robots\" content=\"index, follow, max-snippet:-1, max-image-preview:large, max-video-preview:-1\" \/>\n<link rel=\"canonical\" href=\"https:\/\/presencedigitalepourtous.com\/mayvannboutique\/product\/tunique-noir-or\/\" \/>\n<meta property=\"og:locale\" content=\"fr_FR\" \/>\n<meta property=\"og:type\" content=\"article\" \/>\n<meta property=\"og:title\" content=\"Tunique noir or - MAYVANN Boutique\" \/>\n<meta property=\"og:description\" content=\"Tunique d&rsquo;excellente qualit\u00e9 avec une robe en dessous. Elle a une \u00e9charpe cousue \u00e0 m\u00eame la robe que vous pouvez rabattre sur la t\u00eate ou juste laisser au dos. Pas de risque de perdre l&rsquo;\u00e9charpe ainsi Habill\u00e9 chic et \u00e0 l&rsquo;aise vous serez juste divine.\" \/>\n<meta property=\"og:url\" content=\"https:\/\/presencedigitalepourtous.com\/mayvannboutique\/product\/tunique-noir-or\/\" \/>\n<meta property=\"og:site_name\" content=\"MAYVANN Boutique\" \/>\n<meta property=\"article:modified_time\" content=\"2019-03-19T14:14:49+00:00\" \/>\n<meta property=\"og:image\" content=\"https:\/\/presencedigitalepourtous.com\/mayvannboutique\/wp-content\/uploads\/2018\/11\/tunique-noire.jpg\" \/>\n\t<meta property=\"og:image:width\" content=\"524\" \/>\n\t<meta property=\"og:image:height\" content=\"831\" \/>\n<meta name=\"twitter:card\" content=\"summary_large_image\" \/>\n<script type=\"application\/ld+json\" class=\"yoast-schema-graph\">{\"@context\":\"https:\/\/schema.org\",\"@graph\":[{\"@type\":\"WebSite\",\"@id\":\"https:\/\/presencedigitalepourtous.com\/mayvannboutique\/#website\",\"url\":\"https:\/\/presencedigitalepourtous.com\/mayvannboutique\/\",\"name\":\"MAYVANN Boutique\",\"description\":\"Vente de v\\u00eatements pour B\\u00e9b\\u00e9s et Enfants - Dakar\",\"potentialAction\":[{\"@type\":\"SearchAction\",\"target\":\"https:\/\/presencedigitalepourtous.com\/mayvannboutique\/?s={search_term_string}\",\"query-input\":\"required name=search_term_string\"}],\"inLanguage\":\"fr-FR\"},{\"@type\":\"ImageObject\",\"@id\":\"https:\/\/presencedigitalepourtous.com\/mayvannboutique\/product\/tunique-noir-or\/#primaryimage\",\"inLanguage\":\"fr-FR\",\"url\":\"https:\/\/presencedigitalepourtous.com\/mayvannboutique\/wp-content\/uploads\/2018\/11\/tunique-noire.jpg\",\"width\":524,\"height\":831},{\"@type\":\"WebPage\",\"@id\":\"https:\/\/presencedigitalepourtous.com\/mayvannboutique\/product\/tunique-noir-or\/#webpage\",\"url\":\"https:\/\/presencedigitalepourtous.com\/mayvannboutique\/product\/tunique-noir-or\/\",\"name\":\"Tunique noir or - MAYVANN Boutique\",\"isPartOf\":{\"@id\":\"https:\/\/presencedigitalepourtous.com\/mayvannboutique\/#website\"},\"primaryImageOfPage\":{\"@id\":\"https:\/\/presencedigitalepourtous.com\/mayvannboutique\/product\/tunique-noir-or\/#primaryimage\"},\"datePublished\":\"2018-11-10T08:24:06+00:00\",\"dateModified\":\"2019-03-19T14:14:49+00:00\",\"inLanguage\":\"fr-FR\",\"potentialAction\":[{\"@type\":\"ReadAction\",\"target\":[\"https:\/\/presencedigitalepourtous.com\/mayvannboutique\/product\/tunique-noir-or\/\"]}]}]}<\/script>\n<!-- \/ Yoast SEO plugin. -->","_links":{"self":[{"href":"https:\/\/presencedigitalepourtous.com\/mayvannboutique\/wp-json\/wp\/v2\/product\/838"}],"collection":[{"href":"https:\/\/presencedigitalepourtous.com\/mayvannboutique\/wp-json\/wp\/v2\/product"}],"about":[{"href":"https:\/\/presencedigitalepourtous.com\/mayvannboutique\/wp-json\/wp\/v2\/types\/product"}],"replies":[{"embeddable":true,"href":"https:\/\/presencedigitalepourtous.com\/mayvannboutique\/wp-json\/wp\/v2\/comments?post=838"}],"wp:featuredmedia":[{"embeddable":true,"href":"https:\/\/presencedigitalepourtous.com\/mayvannboutique\/wp-json\/wp\/v2\/media\/835"}],"wp:attachment":[{"href":"https:\/\/presencedigitalepourtous.com\/mayvannboutique\/wp-json\/wp\/v2\/media?parent=838"}],"curies":[{"name":"wp","href":"https:\/\/api.w.org\/{rel}","templated":true}]}}